what is -406 + 3?
-403
In base 10, what is 3 + 57?
60
In base 6, what is -212 + -11?
-223
In base 5, what is -2 - 30441?
-30443
In base 7, what is 3200 - 4?
3163
In base 14, what is -38 - -1b?
-1b
In base 14, what is 29d - 0?
29d
In base 16, what is 1b + 9?
24
In base 7, what is 4 + -321?
-314
In base 9, what is -5 - 2?
-7
In base 13, what is -1274 - -4?
-1270
In base 4, what is -113210 + -10?
-113220
In base 5, what is 42203 - -3?
42211
In base 11, what is -7 - -9?
2
In base 7, what is 111 + 4?
115
In base 5, what is 0 + 30?
30
In base 2, what is -100111 + 101101?
110
In base 15, what is 71db + 5?
71e1
In base 5, what is 4 + 3432?
3441
In base 16, what is -2 - -a1?
9f
In base 6, what is -1423 + 3?
-1420
In base 12, what is 1036 + -2?
1034
In base 16, what is -155 - 5?
-15a
In base 14, what is 309 - 3?
306
In base 16, what is -1c - -18?
-4
In base 15, what is 3 + -25?
-22
In base 13, what is 119 + 2?
11b
In base 6, what is 5 + -4?
1
In base 14, what is 4d3 + 4?
4d7
In base 11, what is 0 + 715?
715
In base 15, what is -3 - 51?
-54
In base 3, what is 0 - 10020211?
-10020211
In base 5, what is 2433 + -4?
2424
In base 6, what is 125 - -25?
154
In base 16, what is 11b + 5?
120
In base 9, what is 2 + -177?
-175
In base 14, what is b + 497?
4a4
In base 14, what is -8 + -dd?
-107
In base 2, what is 100 + -1?
11
In base 3, what is 1 - 12211?
-12210
In base 15, what is 47 - 10c?
-b5
In base 7, what is -24 + -14?
-41
In base 2, what is 1111100110110 + -100?
1111100110010
In base 9, what is -134 + 3?
-131
In base 15, what is -2 - 35?
-37
In base 15, what is 5 - -12bc?
12c2
In base 3, what is 11112112 + -11?
11112101
In base 14, what is -5 + -331?
-336
In base 9, what is -176 + 13?
-163
In base 15, what is 2 + -40?
-3d
In base 15, what is 0 + -13?
-13
In base 6, what is -5 - 1112?
-1121
In base 6, what is -4 - 3?
-11
In base 10, what is 14 - 10?
4
In base 16, what is -c - -244?
238
In base 5, what is -203 + -200?
-403
In base 13, what is 39 + -4?
35
In base 5, what is -3400 + 30?
-3320
In base 4, what is 11 - -1202?
1213
In base 7, what is 1 - -526?
530
In base 8, what is -22 + -7?
-31
In base 3, what is -12001 - 2?
-12010
In base 14, what is -5 + 18?
13
In base 7, what is 2 - -4256?
4261
In base 3, what is 1 + -2000?
-1222
In base 5, what is 10 + 12204?
12214
In base 5, what is 1 - 234200?
-234144
In base 4, what is 10 + -3231?
-3221
In base 13, what is 2 + 1b?
20
In base 9, what is -5561 - 5?
-5566
In base 16, what is -2 + -c74?
-c76
In base 10, what is 4 + 2247?
2251
In base 11, what is a97a - -5?
a984
In base 8, what is 3 + -11343?
-11340
In base 4, what is 2000320 + -2?
2000312
In base 2, what is 1101000000 - -10?
1101000010
In base 6, what is -31 - -244?
213
In base 10, what is -1 + 1113?
1112
In base 8, what is 2 - 742?
-740
In base 13, what is -4 - 10?
-14
In base 3, what is -2122 - 202?
-10101
In base 6, what is -2 - 111?
-113
In base 5, what is -22 - -3023?
3001
In base 15, what is -140 + 4?
-13b
In base 5, what is 12 + -24?
-12
In base 7, what is 3 - -26?
32
In base 13, what is -72 + 13?
-5c
In base 4, what is 3 - 1131?
-1122
In base 13, what is -9 + 28?
1c
In base 10, what is -295 - 5?
-300
In base 3, what is 2 + 2200?
2202
In base 15, what is 12 + 7?
19
In base 14, what is -2 - -40c?
40a
In base 7, what is -105 + 35?
-40
In base 10, what is -4 - -386?
382
In base 6, what is 145 + 5?
154
In base 6, what is -25 - 122?
-151
In base 4, what is -1 - -1201?
1200
In base 9, what is -3 - 241?
-244
In base 13, what is 1 + -81a?
-819
In base 6, what is -2 - 4?
-10
In base 14, what is 5 + -10?
-9
In base 12, what is 6 + -40?
-36
In base 11, what is 96 + -2?
94
In base 5, what is 30 - -11?
41
In base 15, what is -41 - 22?
-63
In base 2, what is 10110 + -10111000?
-10100010
In base 8, what is 7 - 774?
-765
In base 6, what is 15312 + -1?
15311
In base 8, what is 771 - -4?
775
In base 4, what is -131023 + 3?
-131020
In base 14, what is -4 + -71?
-75
In base 11, what is a96 - 1?
a95
In base 11, what is -3 - -330?
328
In base 13, what is a95 + 1?
a96
In base 10, what is -68 - -2?
-66
In base 6, what is 1150 - -5?
1155
In base 8, what is -257 - -5?
-252
In base 6, what is 1523 + -1?
1522
In base 12, what is -8 - a73?
-a7b
In base 15, what is 1a - -9?
24
In base 12, what is b - -2b?
3a
In base 2, what is 100 + 110000?
110100
In base 10, what is 16 - -9?
25
In base 3, what is -102100121 + 11?
-102100110
In base 9, what is 4 - 63?
-58
In base 11, what is 277 - 3?
274
In base 2, what is 10 - -110011?
110101
In base 11, what is -3427 + -2?
-3429
In base 6, what is -23 + 5440?
5413
In base 13, what is 37 + 2?
39
In base 14, what is 61 - 13?
4c
In base 16, what is 0 - -a8?
a8
In base 11, what is 5 + -358?
-353
In base 11, what is 2 + -56?
-54
In base 4, what is -2102 + 0?
-2102
In base 6, what is 4 - 11?
-3
In base 12, what is -19a - 5?
-1a3
In base 9, what is 100 - 158?
-58
In base 11, what is -2 + -7147?
-7149
In base 12, what is -8 - -31?
25
In base 13, what is -3 + -1?
-4
In base 16, what is 11 + -95?
-84
In base 4, what is 211 - 31?
120
In base 8, what is 0 + 570?
570
In base 11, what is 1 + -3a2?
-3a1
In base 10, what is -32 + -27?
-59
In base 16, what is 1 + 2b?
2c
In base 2, what is -11 - -11101?
11010
In base 11, what is -294 - 29?
-312
In base 5, what is 3 - 3324?
-3321
In base 6, what is 3 + -21225?
-21222
In base 4, what is -20 + -1113332?
-1120012
In base 9, what is -485 + 4?
-481
In base 15, what is -3 - 18d8?
-18db
In base 4, what is -3102 - 30?
-3132
In base 2, what is -101 + -1010?
-1111
In base 13, what is 2 + 534?
536
In base 6, what is 4 + 42?
50
In base 4, what is -23 - -203?
120
In base 13, what is 1 - -2660?
2661
In base 15, what is e - -277?
286
In base 16, what is -1 - d40?
-d41
In base 10, what is 5 - -6098?
6103
In base 7, what is -15 + -21?
-36
In base 7, what is 0 + -125?
-125
In base 8, what is 101 - 23?
56
In base 3, what is -12 + 22?
10
In base 10, what is -2 - 18?
-20
In base 15, what is b5e - -3?
b62
In base 7, what is -115063 + -4?
-115100
In base 12, what is -547 + 5?
-542
In base 3, what is 2020 + 10?
2100
In base 14, what is 7 - 18?
-11
In base 3, what is 200 + -110?
20
In base 11, what is -34 - -14?
-20
In base 11, what is 2 - -448?
44a
In base 10, what is 33 - -5?
38
In base 14, what is -1ca2 - 4?
-1ca6
In base 16, what is -b9 + f?
-aa
In base 10, what is -76 + -3?
-79
In base 3, what is -22 + 220?
121
In base 13, what is -22ac - 2?
-22b1
In base 5, what is -22 + -40?
-112
In base 15, what is -27 + 8?
-1e
In base 6, what is -21 - 0?
-21
In base 6, what is 225531 - -4?
225535
In base 4, what is -1 - 131300?
-131301
In base 4, what is -222200 - 3?
-222203
In base 13, what is -100 - -3?
-ca
In base 12, what is -b - 73?
-82
In base 13, what is 3 + -1aa3?
-1aa0
In base 3, what is -100 + 121?
21
In base 15, what is -a + -84?
-8e
In base 15, what is -a4 + 2?
-a2
In base 6, what is 0 - -22?
22
In base 11, what is -3 - -270?
268
In base 10, what is 7 - -103?
110
In base 14, what is 4 - 11?
-b
In base 11, what is 75 - -3?
78
In base 14, what is 3 - 34?
-31
In base 12, what is -2 + 4a0?
49a
In base 15, what is 1 - -4a?
4b
In base 4, what is -3 - 122?
-131
In base 9, what is 1 + 628?
630
In base 2, what is -1010 - 100100100?
-100101110
In base 7, what is 0 + 501?
501
In base 2, what is -101 - -101101?
101000
In base 5, what is -202 + 1114?
412
In base 11, what is 4 + 3759?
3762
In base 16, what is -d1 + 1?
-d0
In base 15, what is 2 + bb0?
bb2
In base 11, what is -47 - 14?
-60
In base 13, what is -6 - -329?
323
In base 2, what is 100 - -111011?
111111
In base 8, what is -2474 + 0?
-2474
In base 2, what is -10001 - 1111101?
-10001110
In base 9, what is -1 - -1347?
1346
In base 4, what is -20 + -20?
-100
In base 5, what is 20 + -43?
-23
In base 13, what is -73 - 0?
-73
In base 13, what is -1 - 3?
-4
In base 7, what is 1 - 340?
-336
In base 10, what is 69 + 4?
73
In base 15, what is 2 + 21bd?
21c0
In base 9, what is 101 + 0?
101
In base 5, what is 1 - 4030?
-4024
In base 4, what is -12 + 300022?
300010
In base 11, what is 2 - -34a?
351
In base 5, what is -3 + 232?
224
In base 11, what is 4 + -634?
-630
In base 5, what is -334443 - 3?
-340001
In base 12, what is -5 - -2320?
2317
In base 13, what is -1 + 86c?
86b
In base 2, what is -11 - -11